 + 186 - (-5 + 0 + (-3 - -4))?
76
What is -8 + 8 + -6 + 29 + 12?
35
Evaluate (-12 - (-14 + 15)) + (5 + 5 + -7 - -7).
-3
What is the value of (33 + -34 + 51 - 6) + -13?
31
-102 - -87 - (-13 - (30 - -62))
90
-6 + -9 + 8 + (-15 - -11) + 10 + 27
26
Evaluate -17 + 56 + -22 - 21 - (-28 - -1).
23
Evaluate 20 + (10 - (0 - (-5 - -3)) - (-13 - -14)).
27
What is 1 + 12 - (14 - 46 - (31 + -137))?
-61
Evaluate -3094 + 2975 - (3 - 71).
-51
Evaluate (68 - (2 + 0) - (595 - 604)) + -12.
63
Calculate -60 + (80 - -28 - 42).
6
-3 - 20 - (27 - (-6 + 166) - -36)
74
Calculate 8 - ((-11 - (-28 + 15 + 0)) + 24).
-18
(12 + -1 - 38) + (-9 + -5 - -19)
-22
Evaluate 3 + -122 + (2518 - 2457).
-58
What is (-17 - 18 - -113) + -51?
27
Calculate 0 + (128 - -3) + (-8102 - -8076).
105
(79 - (79 + -68)) + -62
6
Calculate -3 - (-8 - 2) - (-45 + (34 - 21)).
39
What is the value of 1 + 3 + (-1 - (-3 - -10))?
-4
Calculate 25 - (-33 - (-30 + 108) - -21).
115
What is 79 + (34 - 10) + -28 + -2?
73
27588 + -27646 + (3 - 2) + (2 - (0 + -5))
-50
Evaluate -14 - 22 - -2 - -12.
-22
-271 + 147 + (41 - 7)
-90
Calculate -17 + 4 + (13 - 9 - 5) - -8.
-6
Evaluate 162 + -69 - (-31 - -28 - (-11 - -1)).
86
(-4 - 1) + 1 - (-155 + 250 + -93)
-6
(45 - (69 + 39)) + (0 - 32)
-95
6 + (-21 + 31 - -1) + -49
-32
Calculate 1 - 9 - (-131 + 83 + -5).
45
What is the value of 5261 - 5301 - (-111 - -1)?
70
What is the value of (0 - ((593 - 597) + (1 + -2 - 4))) + 55?
64
Evaluate (-6 - (15 + -4)) + -17 + 0 + -18.
-52
Calculate 7187 + -7180 + (1 - (0 - 26)).
34
Evaluate 9 + 2 - 9 - (-58 - -52) - -20.
28
What is (9 - -4) + -74 + -23?
-84
What is 0 + 72 + (1385 - 1447)?
10
Evaluate (-104 - -1) + (-3801 - -3871).
-33
What is the value of 100 + (-8 + 3 - -5) + -16 - 14?
70
Calculate 8 + (50 - 31 - 38).
-11
Evaluate (-117 - -3 - (6 - 21)) + (-13 - -33).
-79
Evaluate 0 + -14 - -1 - (-34 + 182 - 59) - 12.
-114
Calculate -78 + (-35 - -26) + -3 + 6 + 1 + 7.
-76
Calculate -74 - (-109 - -10) - (-36 - -1).
60
What is (374 - 129) + -172 + 25 + 3?
101
-861 - -842 - (-5 - -1) - (-5 - (1 - -134))
125
Calculate 10 + 4 + 20 + (14 - (22 + -3)).
29
Calculate (108 + -242 - -8) + 83.
-43
Calculate -13 + (82 - (-23 - (7 + -18))).
81
(174 - (21 - -47) - 36) + (-7 - 1)
62
What is the value of -28 + -5 - (145 + -100)?
-78
-16 - (13 - 21) - (0 - 5 - 11) - -72
80
Calculate -3 + 7 + 23 - (16 + -29 + -1 + 9).
32
74 + -68 + 16 + 17
39
Evaluate (-12 - (-1 + 13 + -20)) + 75.
71
Evaluate 164 + (-235 - -85) + (-22 - 2).
-10
What is 1274 + -1239 - (1 + 1 + 27)?
6
Calculate (1 + 7 + -2 + -17 + 24 - 104) + 10.
-81
Evaluate -8 + 19 + ((-8 - 8 - 2) + -1 - 3).
-11
What is 6 + -12 + 9 + 14 - 45?
-28
What is -1 + -11 + 5 - (-1 - 7 - -10 - 2)?
-7
Calculate -73 + 161 + -82 - (1 - -7).
-2
10 - (2 + -2) - (-128 + -14 + 165)
-13
Calculate -140 - (66 - 131) - 58.
-133
What is the value of (2240 - 2216) + -24 + 0?
0
What is the value of (-26 + 19 - (72 - 149)) + -23 + -1?
46
What is 30 + (9 - (10 - -10 - 0))?
19
What is 0 + 56 - (17 + -8 + 8)?
39
0 + -8 + (14 - (-35 + -2)) + -2
41
Calculate -50 + (-22 + 49 - 8).
-31
Calculate (6 - (-9 + 20 + -3 + -11)) + (-40 - 5).
-36
What is the value of -34 - (-21 - -17) - 5?
-35
What is the value of (-20 - (-9 - (-7 + 1 - -11))) + 5?
-1
Calculate -10 + 16 + 134 + -166.
-26
(208 - 189) + 0 + -2 + 5
22
Calculate -2 + -95 - (3657 - 3827).
73
What is the value of 26 + (85 - 36) - 48?
27
What is -11 + -10 - (39 - 25)?
-35
What is the value of -12 - (-6 - 1) - 28 - (20 + -16)?
-37
(1003 + -1041 - (-10 - 0)) + 0
-28
What is -92 + -106 + 136 - 10?
-72
What is the value of (17 - 2 - -4) + -40 - 22?
-43
What is (28 - -79 - 48) + -146?
-87
Calculate 85 + -163 + (28 - 2) - 29.
-81
(-59 - (-25 + -2 + 51)) + 1 + 12
-70
What is ((27 - 1) + 95 + -100 - -6) + (-8 - 5)?
14
What is -16 + -2 - (53 + -69 + 35)?
-37
What is (246092 - 246078) + -1 + 1 + 125?
139
What is the value of -33 + (7 + 13 - (-50 + 68))?
-31
Calculate -147 + 156 + -20 + 1 + -12.
-22
Evaluate -19 + 49 + -96 + 40.
-26
What is -129 + (-31 - -48) + -28 + -7?
-147
What is -42 - -29 - (6 + 2 - -2 - 67)?
44
What is 107 - 43 - 137 - -20 - (1 + -1 + 3)?
-56
What is the value of -121 - (127 + -97 + -46)?
-105
Calculate 45 - (100 - (64 - 46)).
-37
Calculate 62 + (11 - -69) + -71.
71
Evaluate 2 - 45 - (-8 + (-9 - (-20 + 3 - 1))).
-44
Calculate -8 + 6 + -12 + 7 - (0 + (-19 - -87)).
-75
Calculate 9 + (1 - (-6 + -9) - 7).
18
Evaluate (111 + -126 - (3 + -15)) + -1.
-4
Evaluate 35 + (-1 - -61 - 29 - 31).
35
Evaluate 21 + 12 + (-19 - 16) - 40.
-42
99 + ((7 - -14) + -6 + -25 - (8 - 3))
84
Evaluate -13 - (46 - 116) - 74.
-17
What is 2 + -26 + (888 - 852)?
12
What is the value of -16 - 7 - (14 - 31) - (0 - 8)?
2
(4 - (-47 + 2 + 48 + 10 + -1)) + -19
-27
What is -68 + (22 + -4 - (-230 - -221))?
-41
Evaluate (-43 - (31 + -77)) + -3.
0
Calculate -11 + (17 - (27 + -10)) + 1 + -1.
-11
What is 118 + -66 + (4 - 69) + (20 - 0)?
7
2 + 12 + -2 + -8 + -68 + 3
-61
What is (-1 - 1) + (-11 - (15 + -18 - -7 - 1))?
-16
What is -33 + 12 + 59 + -31 + (78 - -2) + -2?
85
15 + (-13 - (-11 + (-6 - -13))) + 47 + 0
53
Calculate (52 - 2 - 87 - 51) + 13 + -1 + 2.
-74
What is the value of 3 + (-13 - (12 + -20 + 17))?
-19
What is (-17 - -12 - -6) + (24 - 1) + -3?
21
53 - (-92 - (-179 - -52))
18
What is the value of -8 - (-17 + (7 - -6 - 3)) - 22?
-23
270 - 138 - (-2 - 2 - -43)
93
What is the value of 59 + (1 - ((-13 - 3) + 8) - (25 + -9))?
52
(-108 - -2) + (716 - 516)
94
What is (-142 - -21) + -18 + 7 + 17 + (-7 - -13)?
-109
Evaluate (7 - (-1 + 0)) + -326 + 271 + 11.
-36
(2 - 0) + (34 - 30 - -19 - 17)
8
Calculate 49 + 0 - (-38 + (27 + -18 - -9)).
69
Calculate 47 - (-77 - (26 + -109)).
41
What is 0 - (4 - 23 - -43) - 6?
-30
What is the value of (-31803 - -31852) + (-1 - 46)?
2
Calculate -70 + (148 - -45) + -86.
37
Evaluate 92 + -167 + -5 + 21.
-59
Calculate (16 - 3) + 6 + -3 - (-815 - -871).
-40
Evaluate (62 - 63) + (38 - -14).
51
Calculate 26 - (-21 - (6 - -40)).
93
Calculate -57 + 8 + 16 + 5 + -16.
-44
What is -19 + -1 + (-7354 - -7300)?
-74
(-135 - (-127 + -54)) + (27 - 2)
71
(144 - (-130 + 168)) + -142
-36
What is the value of -806 + 786 - (-21 - 2)?
3
What is 47 + -1 - (791 - 833)?
88
(37 - (20 - -2)) + -21
-6
What is -2 + -27 + 19 + (15 - 20)?
-15
Evaluate ((-3 - -15) + -5 - (-1 + 17)) + -10.
-19
(-23 + 17 - (-32 + (17 - -3))) + (-3 - 0)
3
Calculate -17 + (-39 - -35) - (1 - 27).
5
What is the value of 24 + (-52 - -54) + -44?
-18
Evaluate 6 + 2 - (-227 - -174 - (-6 - 1) - -9).
45
Evaluate 28 + (43 - 46 - -2).
27
(5 - 3) + -6 + -46 - (-4 - 1 - 1)
-44
-7 - (-1 - -7 - (-39 + 54))
2
What is the value of -24 + (-2 - (-10 - (-23 - (3 + -3))))?
-39
What is the value of (2 - -1) + 3 - (17 - (-51 - -63))?
1
Evaluate 49 - (-13 + -10 + 31 + 5 + -1).
37
Evaluate (-20 - -3) + -30 + -1 + 20.
-28
Evaluate 29 + -9 + -7 - -7 - 30.
-10
Evaluate 5578 + -5573 + 0 + -18.
-13
-9 + 35 - -48 - 36
38
What is 245 + -249 + (-59 + 0 - -1) + (1 - 1)?
-62
Calculate (44 - 19) + -3 + -2 + (-4 - -13 - 3).
26
(-117 - -127) + (-46 - (3 + -3)) + 57 + -51
-30
-43 - (-1 + -8 + (-62 + -61 - -116))
-27
Calculate 20 - (-20 - (-30 - 3)).
7
Evaluate (272 - 239) + (-1 - 27) - (91 - 1).
-85
What is the value of (-7 - -10) + -21 - (-4 - 1 - -2)?
-15
What is -71 - ((2 + -2 - 2 - 9) + 531 + -531)?
-60
What is the value of -1142 + 1124 + (0 - -51)?
33
Evaluate -56 + -195 - (-27 - 126).
-98
What is 145 + (37 + -17 - 29) + -27?
109
Evaluate -11 - -20 - (14 + -14 + -8) - 60.
-43
What is 32 + (-5 - -1 - (-13 + 25 - 11) - -12)?
39
Evaluate (-14 - 0 - (-20 + 31)) + (0 - -11).
-14
Calculate 29 + (4 - -7 - 20) - 54.
-34
What is -14 + (1 - (1 + 1) - (-210 - -150))?
45
What is the value of -105 + (-9 - (-25 - (18 + -21))) - (-1 - 7)?
-84
Evaluate -29 - -3 - (273 - 283).
-16
What is (-297 + 326 - (-1 + 18)) + -30?
-18
What is the value of 5 - (91 + (2 - 7)) - (21 + -21) - 8?
-89
What is -89 + 177 + -23 + -74?
-9
What is the value of -9 + 10 - (97 + -17)?
-79
What is the value of 24 - ((1 - 14) + 11 + 2)?
24
What is the value of 43 - (20 + 46) - 7?
-30
What is the value of 50 + (-9 - 22 - 19)?
0
What is the value of 20 + -9 + 23 + -35 + (14 - -5)?
18
Calculate -89 - (-4 + -31) - -23.
-31
60 - ((28 - -92) + 29)
-89
Calculate 30 + (38 - (16 - 7)) - (2 + -1 + -9).
67
What is the val